visor of i and v?
8
Suppose -2*j = -4*j - 4*v - 8, 4*j - v = -25. Let g(r) = -8*r - 30. Let a be g(j). Let b be (-1 - 2)/(6/(-4)). Calculate the highest common factor of a and b.
2
Let s be (27/(-54))/(2/1232). Let j be s/(-66) - (1 + 4/(-3)). Calculate the greatest common factor of j and 5.
5
Let z = -207 + 282. What is the greatest common divisor of z and 105?
15
Let w be (18/(-6) - -41) + -9. What is the greatest common factor of w and 203?
29
Let f = 25 + -18. Let y be (-1)/3 - 5/(-15). Suppose 0 = -0*d - 5*d + p + 248, y = d - 3*p - 58. Calculate the greatest common factor of d and f.
7
Suppose 12 - 4 = 4*w. Let a(j) = j + 3. Let g be a(-1). Suppose 2*s + 5*m - 12 = 0, -48 = -g*s - 4*m + 8*m. Calculate the highest common factor of w and s.
2
Suppose 3*m = 11*m - 240. Let w = m - -18. Calculate the greatest common divisor of w and 32.
16
Let t be (1*3)/(12/16). Let r = 27 - 15. Suppose 2*v = r - 0. Calculate the highest common factor of v and t.
2
Let w = 363 - 231. Let a(b) = b**3 + 10*b**2 - 6*b - 9. Let q be a(-10). Suppose -5 = -i - t + 4, -4*i + t = -q. What is the greatest common factor of i and w?
12
Suppose 0 = 2*o - 0*g + g + 41, -4*g - 95 = 5*o. Let l = 242 - 205. Let i = o + l. What is the highest common divisor of 28 and i?
14
Suppose 3*r = 4*l - 9*l + 94, 15 = 5*r. Let k be -5*1 + (25 - l). Calculate the greatest common divisor of k and 33.
3
Let u = 125 - 69. What is the greatest common factor of u and 322?
14
Suppose 6 + 18 = 3*n. Suppose 2558*x + 96 = 2570*x. Calculate the greatest common factor of x and n.
8
Suppose -29 - 86 = -j. Suppose -25 = d - 2*d - k, -5*d + j = 3*k. What is the greatest common divisor of d and 5?
5
Suppose -4*r + 7*r - 390 = 0. Suppose 3*o - p + 0*p = 25, 3*o - 5*p = 17. Suppose o*c - 10*c = -26. What is the highest common divisor of r and c?
26
Let l(t) = t + 31. Let r be l(-10). Suppose 9 + 131 = 10*b. What is the greatest common divisor of b and r?
7
Let r be (1 + 0)/(11/99 - 0). Calculate the highest common divisor of r and 9.
9
Suppose 4*i - 2*h + 72 = 6*i, -3*h = 4*i - 144. Let a(q) = q**3 + 2*q**2 - 3*q + 9. Let o be a(-3). What is the highest common divisor of i and o?
9
Suppose 3*j - 20*j = -935. Calculate the highest common divisor of 319 and j.
11
Let m(c) = c**3 - 15*c**2 - 47*c + 12. Let p(d) = 3*d**2 - 3*d. Let i be p(3). Let r be m(i). Calculate the greatest common divisor of r and 46.
46
Let n be ((-32)/4)/(-1*1). Suppose f - n = 5. Let z be (1 - -55) + 1 + 20/(-4). Calculate the greatest common divisor of z and f.
13
Suppose 41*n = 36*n + 315. What is the highest common factor of n and 36?
9
Suppose 588 = 22*s - s. What is the greatest common factor of 21 and s?
7
Let q = -1 - -8. Let p(g) = -3*g - 27. Let a be p(-11). Suppose -a*z - 14 = -q*z. What is the greatest common divisor of 56 and z?
14
Let z(g) = 0*g**3 - g**3 - 7 - 6*g**2 - 3*g + 19 + 0*g. Let y be z(-5). Calculate the greatest common divisor of 10 and y.
2
Let t = -244 - -365. Let j be (-4)/(-5) - t/(-5). What is the greatest common divisor of j and 200?
25
Suppose 0*j + 2*j - 76 = 4*d, -5*j - 5*d = -250. Let r(x) = 26*x**2 - 79*x + 314. Let v be r(4). Calculate the greatest common factor of v and j.
46
Let c(b) = 20*b**2 + 8*b - 28. Let y be c(3). Calculate the highest common factor of 33 and y.
11
Let m = 253 - 154. What is the greatest common factor of 264 and m?
33
Let t(c) = -1127*c + 1124*c - 1 + 2. Let d be t(-5). Calculate the highest common divisor of d and 8.
8
Let l be (((-528)/(-40))/11)/((-4)/(-2470)). Calculate the highest common divisor of 13 and l.
13
Let g = -257 + 377. Let a be (-666)/(-14) + 30/70. Calculate the greatest common factor of a and g.
24
Suppose -p + 1 = 0, -10*k - 1977 = -15*k + 3*p. Calculate the highest common factor of k and 88.
44
Let m(d) = d**3 + 33*d**2 + 22*d + 48. Let k be m(-32). What is the highest common divisor of k and 322?
46
Let o(q) = q**3 + 8*q**2 + 5*q - 5. Let l be o(-6). Suppose -42*a = -l*a - 175. What is the greatest common factor of a and 28?
7
Suppose 0 = 33*n - 36*n - 27. Let y(s) = -2 + 1 - s**3 - 8*s**2 - 12 + 7*s. Let v be y(n). What is the greatest common factor of v and 25?
5
Suppose 0*q - 9 = -3*q. Suppose -4*u = q*t - 49, -4*t - u = u - 72. Calculate the greatest common divisor of t and 76.
19
Suppose i + 14*i = 225. Let v = 3 - -12. What is the greatest common factor of v and i?
15
Let j(o) = -6*o**2 + 372*o + 143. Let t be j(62). What is the greatest common divisor of t and 52?
13
Let q = 147 + -109. What is the highest common divisor of 95 and q?
19
Let i(u) = 7*u**2 - u + 4. Let r = -27 + 31. Let g be i(r). Let l be g/(-6)*(-6)/2. What is the highest common divisor of 14 and l?
14
Let s(q) = -10*q**3 + 5*q**3 + 6*q**3 + q**2. Let t be s(0). Suppose -3*c - f + 4*f + 63 = t, 3*c - 5*f = 57. Calculate the greatest common factor of c and 16.
8
Let c be 15048/(-48)*20/(-15). Calculate the highest common divisor of 152 and c.
38
Let o(z) = -33*z - 285. Let g be o(-9). What is the greatest common divisor of g and 32?
4
Let l be 2/(4 + 62/(-16)). What is the highest common factor of 2 and l?
2
Suppose 0 = 20*i - 13*i - 294. Calculate the highest common factor of 14 and i.
14
Let q = 196 - 151. Suppose -4*n + 28 = 8. Calculate the highest common divisor of n and q.
5
Let n = 8 + -3. Let d(h) = -h + 9. Let y be d(n). Suppose -y*l - 2*u = u - 87, 3*l - 5*u = 87. What is the highest common factor of 12 and l?
12
Let x(c) = 2*c**3 - 5*c**2 + 7*c - 2. Let h be x(2). Suppose -5*m + 6 = m. Calculate the greatest common divisor of m and h.
1
Let t(w) be the third derivative of -w**4/8 + 10*w**3/3 + w**2 - w. Let g be t(6). Calculate the greatest common factor of 26 and g.
2
Let b be 20/(-4) + (61 - 16). Calculate the highest common divisor of 136 and b.
8
Let j = 14 - 15. Let q be j - 1 - (-23 - -18). Let v(o) = -o**2 + 4*o + 1. Let s be v(q). Calculate the greatest common divisor of 2 and s.
2
Suppose -3*h - 3 = 3. Let o be (93 + (h - -2))/((-1)/(-3)). What is the greatest common divisor of o and 31?
31
Suppose -4*j + 9*j = -2*u + 18, 3*u - 4 = 4*j. Suppose t - 75 = -g, g = -u*t - 0*g + 291. Calculate the highest common factor of 9 and t.
9
Let j be -1*0*(4 - 5). Suppose t - 8 - 18 = j. Calculate the highest common divisor of 286 and t.
26
Let n = -1218 - -2032. Calculate the highest common divisor of 88 and n.
22
Suppose 39 + 15 = 3*h - 2*o, 2*h - 36 = -3*o. Let l be (-4)/14 + 22698/63. Suppose -t - t + l = 0. Calculate the greatest common factor of t and h.
18
Let z = -164 + 234. Suppose 3*w + 7 - z = 0. Calculate the highest common factor of 84 and w.
21
Let z = 7 - 4. Suppose 3*j - z*f - 45 = 0, 52 = 5*j - f - 43. Calculate the highest common divisor of 50 and j.
10
Suppose 5*d - 4*n - 1706 = 0, 3*n + 339 = -19*d + 20*d. What is the greatest common factor of 190 and d?
38
Let g be ((-30)/4)/(3/(-6)). What is the greatest common divisor of 195 and g?
15
Suppose -114*g + 1260 = -93*g. What is the greatest common divisor of g and 2?
2
Let m(g) = g**2 - 4*g + 3. Let u be m(4). Suppose 0*b - 3*b = -u. What is the greatest common factor of b and 3?
1
Let z = 133 - 132. What is the highest common divisor of z and 31?
1
Let a be (24/7)/(((-60)/(-273))/10). What is the highest common divisor of a and 702?
78
Let w(v) = -v**3 - 7*v**2 - 6*v + 7. Let n be w(-6). Let t be 0 + -3 - (4 - n). Suppose -p - 2*p + 99 = t. Calculate the greatest common factor of 11 and p.
11
Let x(t) = -2*t**2 - 9*t - 1. Let b be x(-4). Suppose -5*j + 60 = -b*j. What is the highest common factor of 20 and j?
10
Let v(c) = 8*c**2 - 2*c + 1. Let p be v(1). Let r = 64 - 36. What is the greatest common divisor of p and r?
7
Let c(g) = -2*g**3 - 47*g**2 + 22*g - 44. Let h be c(-24). Calculate the greatest common factor of h and 620.
4
Let k be -4 + (-4 - -6) - -4. Let x(j) = 7 - k + 15*j**2 + 4 - j**3. Let o be x(15). Calculate the greatest common divisor of o and 81.
9
Suppose -9*s = -123 - 1245. Let z = -80 + s. Calculate the highest common factor of z and 16.
8
Let m be (-21)/(-5) - (-1 - -2)/5. Suppose 2*r = -5*q + 733, -m*r = -q + 63 + 66. What is the greatest common divisor of q and 58?
29
Let y(i) = i**2 + 9*i + 6. Let m be y(-8). Let l = m - -18. Let n be l/9 - (-8)/36. What is the highest co